me factors of 376084707?
3, 23, 5450503
List the prime factors of 3603847738.
2, 1801923869
What are the prime factors of 148920262?
2, 23, 3237397
List the prime factors of 119381744.
2, 31, 233, 1033
List the prime factors of 22665654.
2, 3, 11, 114473
What are the prime factors of 2531591521?
19, 173, 770183
What are the prime factors of 2085308453?
5081, 410413
List the prime factors of 51421100.
2, 5, 23, 79, 283
List the prime factors of 205657587.
3, 22850843
What are the prime factors of 7396625878?
2, 3698312939
List the prime factors of 470419835.
5, 17, 5534351
List the prime factors of 50279004.
2, 3, 37, 37747
What are the prime factors of 3228276874?
2, 47, 5119, 6709
What are the prime factors of 544963657?
7, 8719, 8929
List the prime factors of 38325824.
2, 598841
List the prime factors of 1563407324.
2, 19, 37, 307, 1811
What are the prime factors of 35712888?
2, 3, 443, 3359
List the prime factors of 329250563.
19, 1783, 9719
What are the prime factors of 1272851035?
5, 29, 1601, 5483
List the prime factors of 2273416711.
2273416711
What are the prime factors of 3807555114?
2, 3, 11, 83, 113, 6151
List the prime factors of 539150802.
2, 3, 19, 4729393
What are the prime factors of 44962316?
2, 7, 353, 4549
List the prime factors of 499969810.
2, 5, 49996981
List the prime factors of 3539913.
3, 13, 139, 653
List the prime factors of 80050352.
2, 53, 94399
What are the prime factors of 20093388?
2, 3, 7, 17, 14071
List the prime factors of 2789646073.
31, 461, 195203
What are the prime factors of 924413210?
2, 5, 7, 317, 41659
What are the prime factors of 44233817?
44233817
List the prime factors of 215135779.
47, 1087, 4211
List the prime factors of 2292374564.
2, 4957, 115613
What are the prime factors of 53667950?
2, 5, 7, 153337
List the prime factors of 97160837.
241, 359, 1123
List the prime factors of 359851869.
3, 13, 17, 4639
List the prime factors of 75499342.
2, 37749671
List the prime factors of 2058720534.
2, 3, 13, 103, 229, 373
List the prime factors of 83679468.
2, 3, 6973289
What are the prime factors of 3764417450?
2, 5, 7411, 10159
List the prime factors of 7017393869.
1951, 3596819
What are the prime factors of 36103687?
67, 127, 4243
List the prime factors of 29605115.
5, 257, 23039
What are the prime factors of 6919355693?
41, 53, 3184241
List the prime factors of 18073196.
2, 1307, 3457
What are the prime factors of 976260661?
976260661
List the prime factors of 235126045.
5, 7, 11, 19, 32143
List the prime factors of 76324759.
7, 31, 351727
What are the prime factors of 52545141?
3, 11, 103, 5153
What are the prime factors of 156269375?
5, 250031
What are the prime factors of 724683799?
7, 97, 277, 3853
List the prime factors of 134629963.
13, 233, 263
List the prime factors of 212444980.
2, 5, 11, 965659
List the prime factors of 37146455.
5, 7429291
List the prime factors of 211616289.
3, 17, 1383113
What are the prime factors of 1461074705?
5, 292214941
List the prime factors of 177703377.
3, 31, 353, 5413
List the prime factors of 41719760.
2, 5, 521497
What are the prime factors of 13769685?
3, 5, 157, 1949
List the prime factors of 2910054557.
2910054557
List the prime factors of 374527133.
374527133
List the prime factors of 69357095.
5, 1373, 10103
What are the prime factors of 37386494?
2, 18693247
List the prime factors of 91798897.
179, 512843
List the prime factors of 3622608607.
1217, 2976671
List the prime factors of 2556224841.
3, 852074947
What are the prime factors of 98691789?
3, 7, 149, 31541
List the prime factors of 119797988.
2, 29949497
What are the prime factors of 5455705855?
5, 191, 349, 16369
What are the prime factors of 425004759?
3, 73, 383, 563
What are the prime factors of 1515268449?
3, 19, 67, 132257
What are the prime factors of 838433277?
3, 11, 8469023
What are the prime factors of 140116952?
2, 419, 41801
List the prime factors of 547026269.
193, 229, 12377
List the prime factors of 30265631.
11, 23, 119627
List the prime factors of 122895480.
2, 3, 5, 61, 103, 163
What are the prime factors of 171825300?
2, 3, 5, 2357
What are the prime factors of 38383672?
2, 4797959
What are the prime factors of 702577185?
3, 5, 73, 641623
List the prime factors of 240631022.
2, 17, 1861, 3803
What are the prime factors of 123031135?
5, 24606227
What are the prime factors of 1321918634?
2, 139, 4755103
List the prime factors of 35930031.
3, 137, 87421
What are the prime factors of 7978252726?
2, 47, 84875029
What are the prime factors of 3346491868?
2, 53, 1423, 11093
List the prime factors of 70480259.
73, 965483
What are the prime factors of 40034413?
29, 601, 2297
List the prime factors of 22169786.
2, 11084893
List the prime factors of 116870286.
2, 3, 13, 223, 6719
What are the prime factors of 26389069?
7, 487, 7741
List the prime factors of 121371803.
7, 37, 251, 1867
List the prime factors of 75666219.
3, 127, 198599
List the prime factors of 119056940.
2, 5, 5952847
What are the prime factors of 59367070?
2, 5, 7, 848101
List the prime factors of 35245319.
311, 113329
List the prime factors of 269775962.
2, 134887981
What are the prime factors of 4966113478?
2, 2483056739
What are the prime factors of 18564460?
2, 5, 928223
What are the prime factors of 17169411?
3, 7, 409, 1999
List the prime factors of 133391490.
2, 3, 5, 23, 97, 1993
List the prime factors of 73094151.
3, 13, 1874209
List the prime factors of 436298541.
3, 7, 20776121
What are the prime factors of 750595381?
53, 113, 125329
List the prime factors of 2561548423.
7, 17, 163, 132059
List the prime factors of 209912769.
3, 11, 719, 983
List the prime factors of 1055781834.
2, 3, 23, 7650593
List the prime factors of 122612922.
2, 3, 6811829
List the prime factors of 550119650.
2, 5, 11002393
List the prime factors of 277757079.
3, 241, 384173
What are the prime factors of 3036138551?
3036138551
What are the prime factors of 22755880?
2, 5, 7, 67, 1213
What are the prime factors of 776834490?
2, 3, 5, 3877, 6679
What are the prime factors of 356079133?
19, 18741007
What are the prime factors of 1889718824?
2, 7, 23, 1467173
What are the prime factors of 2089288606?
2, 2663, 392281
What are the prime factors of 555622011?
3, 7, 659, 1487
What are the prime factors of 636579508?
2, 199, 799723
List the prime factors of 124284832.
2, 7, 554843
What are the prime factors of 295834208?
2, 9244819
List the prime factors of 473482238.
2, 9377, 25247
List the prime factors of 2349139543.
17, 138184679
List the prime factors of 448437194.
2, 224218597
List the prime factors of 38813677.
7, 97, 57163
What are the prime factors of 2500647972?
2, 3, 43, 47, 97, 1063
List the prime factors of 290377164.
2, 3, 7, 11, 314261
What are the prime factors of 1687460?
2, 5, 139, 607
What are the prime factors of 3192817?
19, 168043
List the prime factors of 71495222.
2, 35747611
List the prime factors of 75192120.
2, 3, 5, 19, 10993
What are the prime factors of 283265475?
3, 5, 17, 29, 47, 163
List the prime factors of 135666384.
2, 3, 7, 19, 79, 269
What are the prime factors of 76176232?
2, 11, 865639
What are the prime factors of 227162822?
2, 19, 5977969
What are the prime factors of 6723939693?
3, 46073, 48647
List the prime factors of 2137715669.
19, 5779, 19469
List the prime factors of 569476795.
5, 17, 6699727
What are the prime factors of 205397200?
2, 5, 107, 4799
What are the prime factors of 223524663?
3, 29, 31, 67, 1237
List the prime factors of 3505703.
317, 11059
What are the prime factors of 4980683305?
5, 13, 76625897
List the prime factors of 1101448547.
17, 64791091
What are the prime factors of 6589304982?
2, 3, 13, 401, 70223
List the prime factors of 151826322.
2, 3, 25304387
What are the prime factors of 907148628?
2, 3, 17, 379, 3911
List the prime factors of 1290602008.
2, 449, 359299
List the prime factors of 769560807.
3, 2767, 92707
What are the prime factors of 23199038?
2, 19, 610501
List the prime factors of 6776878.
2, 3388439
What are the prime factors of 25324814?
2, 151, 83857
What are the prime factors of 82146037?
82146037
What are the prime factors of 4596805404?
2, 3, 59, 191, 1259
List the prime factors of 180772410.
2, 3, 5, 7, 13, 23, 2879
List the prime factors of 109610941